{"id":255333,"date":"2021-04-27T21:08:22","date_gmt":"2021-04-27T21:08:22","guid":{"rendered":"https:\/\/hello.uniurb.it\/logli\/?page_id=255333"},"modified":"2021-05-24T23:37:23","modified_gmt":"2021-05-24T23:37:23","slug":"il-re-delle-cesane","status":"publish","type":"page","link":"https:\/\/hello.uniurb.it\/logli\/le-opere\/il-re-delle-cesane\/","title":{"rendered":"Il Re delle Cesane"},"content":{"rendered":"<p>[et_pb_section fb_built=&#8221;1&#8243; fullwidth=&#8221;on&#8221; _builder_version=&#8221;4.9.4&#8243; _module_preset=&#8221;default&#8221; background_enable_color=&#8221;off&#8221; background_image=&#8221;https:\/\/hello.uniurb.it\/logli\/wp-content\/uploads\/2021\/05\/logli-bonaventura-cover-7.jpg&#8221;][et_pb_fullwidth_image src=&#8221;https:\/\/hello.uniurb.it\/logli\/wp-content\/uploads\/2021\/04\/hello-uniurb-logli-70-5.png&#8221; title_text=&#8221;hello-uniurb-logli-70-5&#8243; _builder_version=&#8221;4.9.4&#8243; _module_preset=&#8221;default&#8221; width=&#8221;15%&#8221; width_tablet=&#8221;20%&#8221; width_phone=&#8221;35%&#8221; width_last_edited=&#8221;on|phone&#8221; max_width_tablet=&#8221;&#8221; max_width_phone=&#8221;90%&#8221; max_width_last_edited=&#8221;on|phone&#8221; module_alignment=&#8221;center&#8221; custom_margin=&#8221;0px|0px|0px|0px|false|false&#8221; custom_margin_tablet=&#8221;&#8221; custom_margin_phone=&#8221;&#8221; custom_margin_last_edited=&#8221;on|desktop&#8221; custom_padding=&#8221;40px||40px||false|false&#8221; custom_padding_tablet=&#8221;0px||0px||true|false&#8221; custom_padding_phone=&#8221;0px|0px|0px|0px|false|false&#8221; custom_padding_last_edited=&#8221;on|phone&#8221;][\/et_pb_fullwidth_image][\/et_pb_section][et_pb_section fb_built=&#8221;1&#8243; disabled_on=&#8221;off|off|off&#8221; _builder_version=&#8221;4.9.3&#8243; _module_preset=&#8221;default&#8221; background_color=&#8221;#000000&#8243;][et_pb_row _builder_version=&#8221;4.9.3&#8243; _module_preset=&#8221;default&#8221; custom_padding=&#8221;||0px|||&#8221;][et_pb_column type=&#8221;4_4&#8243; _builder_version=&#8221;4.9.3&#8243; _module_preset=&#8221;default&#8221;][et_pb_text _builder_version=&#8221;4.9.4&#8243; _module_preset=&#8221;default&#8221; background_layout=&#8221;dark&#8221;]<\/p>\n<h1>Il re delle Cesane<\/h1>\n<h3>a cura di Mattia Giancarli<\/h3>\n<p>[\/et_pb_text][\/et_pb_column][\/et_pb_row][et_pb_row column_structure=&#8221;3_5,2_5&#8243; _builder_version=&#8221;4.7.7&#8243; _module_preset=&#8221;default&#8221;][et_pb_column type=&#8221;3_5&#8243; _builder_version=&#8221;4.7.7&#8243; _module_preset=&#8221;default&#8221;][et_pb_audio _builder_version=&#8221;4.9.4&#8243; _module_preset=&#8221;default&#8221; title_text=&#8221;6-Il Re delle Cesane&#8221; audio=&#8221;https:\/\/hello.uniurb.it\/logli\/wp-content\/uploads\/2021\/05\/6-Il-Re-delle-Cesane.m4a&#8221; background_color=&#8221;#000000&#8243; custom_margin=&#8221;10px|10px|10px|10px|false|false&#8221; custom_padding=&#8221;10px|10px|10px|10px|false|false&#8221; hover_enabled=&#8221;0&#8243; sticky_enabled=&#8221;0&#8243;][\/et_pb_audio][et_pb_text _builder_version=&#8221;4.9.4&#8243; _module_preset=&#8221;default&#8221; background_layout=&#8221;dark&#8221; inline_fonts=&#8221;ABeeZee&#8221;]<\/p>\n<blockquote><\/blockquote>\n<div>\n<p>Quello degli <em>Invasori<\/em> \u00e8 un filone artistico che nasce dalla fantasia e dalla mano di Logli intorno alla met\u00e0 degli anni Settanta dello scorso secolo, generato dalla sensibilit\u00e0 del maestro per le tematiche ecologiche. I protagonisti di questa serie sono entit\u00e0 inorganiche e robotiche, allegorie dell\u2019inquinamento; sono creature feroci e spregevoli che rappresentano la pratica sconsiderata di chi, irrispettoso della bellezza della natura, la sporca abbandonando rifiuti.<\/p>\n<p>Il <em>Re delle Cesane<\/em> \u00e8 il generale di questo esercito inarrestabile e Logli lo rappresenta con un sorriso beffardo e compiaciuto dopo aver conquistato i monti fuori Urbino che, privati del verde alle sue spalle, diventano suo bottino e per questo paesaggio surreale e innaturale. Il condottiero \u00e8 raffigurato su questa tela imponente in posa fiera e inorgoglita quasi fosse Francesco Maria della Rovere ritratto da Tiziano nel dipinto <a href=\"https:\/\/www.uffizi.it\/opere\/ritratto-di-francesco-maria-della-rovere\">(1536-1538, Firenze, Gallerie degli Uffizi)<\/a> che si trovava un tempo nelle collezioni ducali. La sua armatura, tuttavia, non risplende tirata a lucido ma si compone di scatolame arrugginito, di lamiere consumate e di legni tarlati che Logli dipinge con impietosa precisione e spettrale realismo, tanto che sembra quasi di poter sentire lo stridio reboante della sua avanzata. Un\u2019invenzione, questa del maestro urbinate, che reinterpreta in chiave moderna le bizzarre sperimentazioni di Arcimboldo e della sua cerchia che, in una serie realizzata forse per l\u2019imperatore Massimiliano II d\u2019Asburgo e dedicata ai quattro elementi, aveva dipinto l\u2019allegoria del <a href=\"https:\/\/www.khm.at\/en\/objectdb\/detail\/73\/?offset=4&amp;lv=list\"><em>Fuoco<\/em> (1566, Vienna, Gem\u00e4ldegalerie, Kunsthistorisches Museum)<\/a> componendola di candele, braci, cannoni, rivoltelle in un momento storico in cui le armi da fuoco cominciavano ad essere utilizzate in battaglia diventando temutissimi strumenti di morte e distruzione. Con gli <em>Invasori<\/em> Logli parla ugualmente di timori ai suoi interlocutori, invitandoli in maniera moderna e quanto mai attuale ad opporsi all\u2019inquinamento e ai suoi veleni per risanare gli scempi e le violenze di un\u2019industrializzazione incontrollata e insaziabile; temi, questi, che lo pongono in stretto dialogo con parte della produzione letteraria di Paolo Volponi, suo carissimo amico.<\/p>\n<\/div>\n<div><\/div>\n<div><span><\/span><\/div>\n<div><span><\/span><\/div>\n<div><\/div>\n<div><\/div>\n<div><\/div>\n<div><\/div>\n<div><\/div>\n<p>[\/et_pb_text][\/et_pb_column][et_pb_column type=&#8221;2_5&#8243; _builder_version=&#8221;4.9.3&#8243; _module_preset=&#8221;default&#8221;][et_pb_text _builder_version=&#8221;4.9.4&#8243; _module_preset=&#8221;default&#8221; background_layout=&#8221;dark&#8221; inline_fonts=&#8221;ABeeZee&#8221;]<\/p>\n<div>\n<p>Mario Logli, <em>Il re delle Cesane<\/em>, tecnica mista, olio e acrilico su tela; 140&#215;100 cm.<\/p>\n<\/div>\n<div><\/div>\n<p>[\/et_pb_text][et_pb_image src=&#8221;https:\/\/hello.uniurb.it\/logli\/wp-content\/uploads\/2021\/04\/il-re-delle-cesane.jpg&#8221; alt=&#8221;Rivisitazione&#8221; title_text=&#8221;il-re-delle-cesane&#8221; _builder_version=&#8221;4.9.4&#8243; _module_preset=&#8221;default&#8221;][\/et_pb_image][\/et_pb_column][\/et_pb_row][\/et_pb_section]<\/p>\n","protected":false},"excerpt":{"rendered":"<p>Il re delle Cesane a cura di Mattia Giancarli Quello degli Invasori \u00e8 un filone artistico che nasce dalla fantasia e dalla mano di Logli intorno alla met\u00e0 degli anni Settanta dello scorso secolo, generato dalla sensibilit\u00e0 del maestro per le tematiche ecologiche. I protagonisti di questa serie sono entit\u00e0 inorganiche e robotiche, allegorie dell\u2019inquinamento; [&hellip;]<\/p>\n","protected":false},"author":1,"featured_media":255457,"parent":2,"menu_order":60,"comment_status":"closed","ping_status":"closed","template":"","meta":{"_et_pb_use_builder":"on","_et_pb_old_content":"","_et_gb_content_width":""},"yoast_head":"<!-- This site is optimized with the Yoast SEO plugin v20.12 - https:\/\/yoast.com\/wordpress\/plugins\/seo\/ -->\n<title>Il Re delle Cesane - Mario Logli \u2014 Universit\u00e0 di Urbino Carlo Bo<\/title>\n<meta name=\"robots\" content=\"index, follow, max-snippet:-1, max-image-preview:large, max-video-preview:-1\" \/>\n<link rel=\"canonical\" href=\"https:\/\/hello.uniurb.it\/logli\/le-opere\/il-re-delle-cesane\/\" \/>\n<meta property=\"og:locale\" content=\"it_IT\" \/>\n<meta property=\"og:type\" content=\"article\" \/>\n<meta property=\"og:title\" content=\"Il Re delle Cesane - Mario Logli \u2014 Universit\u00e0 di Urbino Carlo Bo\" \/>\n<meta property=\"og:description\" content=\"Il re delle Cesane a cura di Mattia Giancarli Quello degli Invasori \u00e8 un filone artistico che nasce dalla fantasia e dalla mano di Logli intorno alla met\u00e0 degli anni Settanta dello scorso secolo, generato dalla sensibilit\u00e0 del maestro per le tematiche ecologiche. I protagonisti di questa serie sono entit\u00e0 inorganiche e robotiche, allegorie dell\u2019inquinamento; [&hellip;]\" \/>\n<meta property=\"og:url\" content=\"https:\/\/hello.uniurb.it\/logli\/le-opere\/il-re-delle-cesane\/\" \/>\n<meta property=\"og:site_name\" content=\"Mario Logli \u2014 Universit\u00e0 di Urbino Carlo Bo\" \/>\n<meta property=\"article:modified_time\" content=\"2021-05-24T23:37:23+00:00\" \/>\n<meta property=\"og:image\" content=\"https:\/\/hello.uniurb.it\/logli\/wp-content\/uploads\/2021\/05\/logli-bonaventura-cover-7.jpg\" \/>\n\t<meta property=\"og:image:width\" content=\"1920\" \/>\n\t<meta property=\"og:image:height\" content=\"1080\" \/>\n\t<meta property=\"og:image:type\" content=\"image\/jpeg\" \/>\n<meta name=\"twitter:card\" content=\"summary_large_image\" \/>\n<script type=\"application\/ld+json\" class=\"yoast-schema-graph\">{\"@context\":\"https:\/\/schema.org\",\"@graph\":[{\"@type\":\"WebPage\",\"@id\":\"https:\/\/hello.uniurb.it\/logli\/le-opere\/il-re-delle-cesane\/\",\"url\":\"https:\/\/hello.uniurb.it\/logli\/le-opere\/il-re-delle-cesane\/\",\"name\":\"Il Re delle Cesane - Mario Logli \u2014 Universit\u00e0 di Urbino Carlo Bo\",\"isPartOf\":{\"@id\":\"https:\/\/hello.uniurb.it\/logli\/#website\"},\"datePublished\":\"2021-04-27T21:08:22+00:00\",\"dateModified\":\"2021-05-24T23:37:23+00:00\",\"breadcrumb\":{\"@id\":\"https:\/\/hello.uniurb.it\/logli\/le-opere\/il-re-delle-cesane\/#breadcrumb\"},\"inLanguage\":\"it-IT\",\"potentialAction\":[{\"@type\":\"ReadAction\",\"target\":[\"https:\/\/hello.uniurb.it\/logli\/le-opere\/il-re-delle-cesane\/\"]}]},{\"@type\":\"BreadcrumbList\",\"@id\":\"https:\/\/hello.uniurb.it\/logli\/le-opere\/il-re-delle-cesane\/#breadcrumb\",\"itemListElement\":[{\"@type\":\"ListItem\",\"position\":1,\"name\":\"Home\",\"item\":\"https:\/\/hello.uniurb.it\/logli\/\"},{\"@type\":\"ListItem\",\"position\":2,\"name\":\"Mario Logli a Palazzo Bonaventura\",\"item\":\"https:\/\/hello.uniurb.it\/logli\/\"},{\"@type\":\"ListItem\",\"position\":3,\"name\":\"Il Re delle Cesane\"}]},{\"@type\":\"WebSite\",\"@id\":\"https:\/\/hello.uniurb.it\/logli\/#website\",\"url\":\"https:\/\/hello.uniurb.it\/logli\/\",\"name\":\"Mario Logli \u2014 Universit\u00e0 di Urbino Carlo Bo\",\"description\":\"Mario Logli a Palazzo Bonaventura \u2014 Via Aurelio Saffi, 2 \u2014 Sede del Rettorato\",\"potentialAction\":[{\"@type\":\"SearchAction\",\"target\":{\"@type\":\"EntryPoint\",\"urlTemplate\":\"https:\/\/hello.uniurb.it\/logli\/?s={search_term_string}\"},\"query-input\":\"required name=search_term_string\"}],\"inLanguage\":\"it-IT\"}]}<\/script>\n<!-- \/ Yoast SEO plugin. -->","yoast_head_json":{"title":"Il Re delle Cesane - Mario Logli \u2014 Universit\u00e0 di Urbino Carlo Bo","robots":{"index":"index","follow":"follow","max-snippet":"max-snippet:-1","max-image-preview":"max-image-preview:large","max-video-preview":"max-video-preview:-1"},"canonical":"https:\/\/hello.uniurb.it\/logli\/le-opere\/il-re-delle-cesane\/","og_locale":"it_IT","og_type":"article","og_title":"Il Re delle Cesane - Mario Logli \u2014 Universit\u00e0 di Urbino Carlo Bo","og_description":"Il re delle Cesane a cura di Mattia Giancarli Quello degli Invasori \u00e8 un filone artistico che nasce dalla fantasia e dalla mano di Logli intorno alla met\u00e0 degli anni Settanta dello scorso secolo, generato dalla sensibilit\u00e0 del maestro per le tematiche ecologiche. I protagonisti di questa serie sono entit\u00e0 inorganiche e robotiche, allegorie dell\u2019inquinamento; [&hellip;]","og_url":"https:\/\/hello.uniurb.it\/logli\/le-opere\/il-re-delle-cesane\/","og_site_name":"Mario Logli \u2014 Universit\u00e0 di Urbino Carlo Bo","article_modified_time":"2021-05-24T23:37:23+00:00","og_image":[{"width":1920,"height":1080,"url":"https:\/\/hello.uniurb.it\/logli\/wp-content\/uploads\/2021\/05\/logli-bonaventura-cover-7.jpg","type":"image\/jpeg"}],"twitter_card":"summary_large_image","schema":{"@context":"https:\/\/schema.org","@graph":[{"@type":"WebPage","@id":"https:\/\/hello.uniurb.it\/logli\/le-opere\/il-re-delle-cesane\/","url":"https:\/\/hello.uniurb.it\/logli\/le-opere\/il-re-delle-cesane\/","name":"Il Re delle Cesane - Mario Logli \u2014 Universit\u00e0 di Urbino Carlo Bo","isPartOf":{"@id":"https:\/\/hello.uniurb.it\/logli\/#website"},"datePublished":"2021-04-27T21:08:22+00:00","dateModified":"2021-05-24T23:37:23+00:00","breadcrumb":{"@id":"https:\/\/hello.uniurb.it\/logli\/le-opere\/il-re-delle-cesane\/#breadcrumb"},"inLanguage":"it-IT","potentialAction":[{"@type":"ReadAction","target":["https:\/\/hello.uniurb.it\/logli\/le-opere\/il-re-delle-cesane\/"]}]},{"@type":"BreadcrumbList","@id":"https:\/\/hello.uniurb.it\/logli\/le-opere\/il-re-delle-cesane\/#breadcrumb","itemListElement":[{"@type":"ListItem","position":1,"name":"Home","item":"https:\/\/hello.uniurb.it\/logli\/"},{"@type":"ListItem","position":2,"name":"Mario Logli a Palazzo Bonaventura","item":"https:\/\/hello.uniurb.it\/logli\/"},{"@type":"ListItem","position":3,"name":"Il Re delle Cesane"}]},{"@type":"WebSite","@id":"https:\/\/hello.uniurb.it\/logli\/#website","url":"https:\/\/hello.uniurb.it\/logli\/","name":"Mario Logli \u2014 Universit\u00e0 di Urbino Carlo Bo","description":"Mario Logli a Palazzo Bonaventura \u2014 Via Aurelio Saffi, 2 \u2014 Sede del Rettorato","potentialAction":[{"@type":"SearchAction","target":{"@type":"EntryPoint","urlTemplate":"https:\/\/hello.uniurb.it\/logli\/?s={search_term_string}"},"query-input":"required name=search_term_string"}],"inLanguage":"it-IT"}]}},"_links":{"self":[{"href":"https:\/\/hello.uniurb.it\/logli\/wp-json\/wp\/v2\/pages\/255333"}],"collection":[{"href":"https:\/\/hello.uniurb.it\/logli\/wp-json\/wp\/v2\/pages"}],"about":[{"href":"https:\/\/hello.uniurb.it\/logli\/wp-json\/wp\/v2\/types\/page"}],"author":[{"embeddable":true,"href":"https:\/\/hello.uniurb.it\/logli\/wp-json\/wp\/v2\/users\/1"}],"replies":[{"embeddable":true,"href":"https:\/\/hello.uniurb.it\/logli\/wp-json\/wp\/v2\/comments?post=255333"}],"version-history":[{"count":10,"href":"https:\/\/hello.uniurb.it\/logli\/wp-json\/wp\/v2\/pages\/255333\/revisions"}],"predecessor-version":[{"id":255547,"href":"https:\/\/hello.uniurb.it\/logli\/wp-json\/wp\/v2\/pages\/255333\/revisions\/255547"}],"up":[{"embeddable":true,"href":"https:\/\/hello.uniurb.it\/logli\/wp-json\/wp\/v2\/pages\/2"}],"wp:featuredmedia":[{"embeddable":true,"href":"https:\/\/hello.uniurb.it\/logli\/wp-json\/wp\/v2\/media\/255457"}],"wp:attachment":[{"href":"https:\/\/hello.uniurb.it\/logli\/wp-json\/wp\/v2\/media?parent=255333"}],"curies":[{"name":"wp","href":"https:\/\/api.w.org\/{rel}","templated":true}]}}